 w(l) = 3*l**2 + 4*l - 10*l**3 + 9*l**3 - 1 + 6. Let n = 5 + -1. Calculate w(n).
5
Let g(q) = 2*q**2 - 2*q - 4. Let w(z) = -3*z**2 + 4*z + 8. Let h be (-11)/2 + 4/8. Let l(s) = h*g(s) - 3*w(s). What is l(-3)?
-7
Let i(m) = -9*m**2. Let v(h) = -2*h - 7. Let w be v(-5). Suppose 0 = -4*x, -q - w*q - x - 4 = 0. Calculate i(q).
-9
Let q(g) = -5*g - g**3 + 3*g + 0*g**3 + 1 + 3*g**2. Let s be 3/(-12) + (-13)/(-4). Determine q(s).
-5
Let f(t) be the third derivative of t**6/120 - 7*t**5/60 - t**4/12 + 3*t**3/2 + 6*t**2. What is f(7)?
-5
Let f(r) = -2*r**2 + r + 4. Let k be f(2). Let h(g) be the third derivative of g**4/8 - g**3/6 + 4*g**2. What is h(k)?
-7
Suppose 0 = -4*x + 3 - 19. Let v(r) = r + 3 + 0 - 5. Determine v(x).
-6
Let s(a) = -a**2 - 7*a - 3. Let u(j) = -j**3 + 5*j**2 - j + 1. Let p be u(5). Determine s(p).
9
Let b(q) be the first derivative of q**4/24 - q**3/3 + q**2/2 + 3. Let y(u) be the second derivative of b(u). Give y(-3).
-5
Let s(y) be the second derivative of -2*y**4/3 - y**3/3 - y**2/2 - 31*y. Calculate s(-1).
-7
Suppose -3*q = -d + 1, 4*d - 7*q + 14 = -4*q. Let y(k) = -k**3 - 8*k**2 - 4*k + 1. Let f(s) = -s**2 - s - 1. Let p(l) = 2*f(l) - y(l). Give p(d).
12
Let a(b) = b - 4. Suppose -4*i + 7*i - 60 = 0. Suppose k + 3*y - i = 0, 0*y = 4*k - y - 28. Suppose c = -c - v + k, -4*c = -4*v - 28. Give a(c).
1
Suppose -6 + 2 = -h. Let j(w) = -w**2 + 3*w - 1. Determine j(h).
-5
Let b(a) = -3 - 6*a**2 + 4 - 2*a + 7*a**2. Suppose -d = o - 1, -3*o - 7 = -2*d + 5. Let y(t) = -t**3 + 4*t + 3. Let p be y(o). What is b(p)?
4
Let n(i) = 13*i**2 + i - 2. Let f(g) = -27*g**2 - 3*g + 5. Let q(b) = -2*f(b) - 5*n(b). Give q(1).
-10
Suppose -4*r + 17 = 4*i - 19, 4*r - 36 = -3*i. Let h = 9 - r. Let t(z) = z - 5. Determine t(h).
-5
Let c be ((-2)/(-4))/((-8)/(-224)). Suppose 4*o = -4*m - 28, 2*o + c = -m + 2. Let p(r) = r**2 - r - 2. Determine p(m).
4
Let k be (-1)/(-5) - (-70)/25. Suppose j + 3*j + 4*t + 16 = 0, -26 = k*j - 4*t. Let b(n) = -n**3 - 6*n**2 + 6. Determine b(j).
6
Let n(o) = 3*o**3 + 18*o**2 - 29*o - 23. Let b(d) = -d**3 - 6*d**2 + 10*d + 8. Let w(y) = -8*b(y) - 3*n(y). Determine w(-7).
5
Let g be 2 - (-1 + 1 - 0). Suppose -4 = -2*w + 6. Let x(y) = -4*y**3 - 4 - 3*y**g + w*y**3 + 2*y + 2. Calculate x(3).
4
Let s = -147 + 157. Let k(p) = p**2 - 10*p - 4. Determine k(s).
-4
Let h(w) be the second derivative of -w**7/2520 - w**6/240 - w**5/120 + w**4/3 - 2*w. Let d(t) be the third derivative of h(t). Determine d(-2).
1
Let p(j) = 7*j**2 + 5*j + 1. Let s(q) = 4*q**2 + 3*q. Let w(m) = -3*p(m) + 5*s(m). Calculate w(0).
-3
Let w(p) = p - 7*p**3 - p. Suppose 4*x - 4 = 0, 2*z = -3*z - x - 4. Let t(s) = s. Let l be t(z). Determine w(l).
7
Let m = -12 + 7. Let q(u) = u**3 - 6*u**2 + 6*u**2 - u + 0 + 5*u**2 - 1. Give q(m).
4
Let d(y) = 4*y - 3*y - 10*y**2 + 8 - 8. Determine d(1).
-9
Let y(d) = 11*d - 1 + 1 - 3 - 5*d. Give y(2).
9
Let j(l) = 5*l**2 - 8*l - 5 - 7*l + l**3 + 9*l. Give j(-6).
-5
Let n(w) = 0 - w + 0 + 2 - w**2. Suppose 3*k - 49 = -13. Let f be (8/6)/(k/(-18)). Give n(f).
0
Let u be (1 + -3)/(-1 + 0). Let a(x) = 2 - 4 - 3*x + u*x. Suppose -4*r = 3*c + 4 + 3, -c - 5*r + 5 = 0. What is a(c)?
3
Let a(h) = h**2 + 7*h - 1. Let i(f) = f**2 - 13*f - 12. Let n be i(15). Suppose -33 = 5*t - 2*j, -t - 2*t + 3*j = n. What is a(t)?
-1
Let t(a) = -4*a**2 - 2*a - 3. Let l(g) = g**2. Let p(x) = -6*x**2 - 5*x - 7. Let o(b) = -3*l(b) + p(b). Let h(f) = 6*o(f) - 14*t(f). Give h(2).
4
Let n(p) = p**3 + 3*p**2 - 2*p + 3. Let k(t) = t**2 + 9*t + 2. Let j be k(-8). Let v be -2*(-3)/j - 2. Give n(v).
9
Suppose k - 6*k = -25. Let c(h) = h**3 - 5*h**2 + 5. Let y be c(k). Let v(b) = 0 - 2*b + 3*b**2 + 1 - y*b**2. Calculate v(-2).
-3
Let f(r) = -r + 7. Suppose 0 = 7*v - 6*v - 4. Suppose 0*l - v*l = 0. What is f(l)?
7
Let j(n) = n**3 - 2*n**2 + n + 1. Suppose -4*g + 6*s = 2*s - 8, -10 = -5*g - 4*s. What is j(g)?
3
Suppose 3*f - 6 = 2*x, 0 = -f - 2*x + 3*x + 3. Suppose 4*z = -f*z. Let y(j) = -j + 4. Determine y(z).
4
Let l(c) = -3*c - 1. Let m = -10 - -11. What is l(m)?
-4
Let u(b) = b**2 - 9*b + 6. Suppose -19*w = -16*w - 18. Give u(w).
-12
Let g(f) = -17*f**2 + 25*f - 12. Let z(u) = -4*u**2 + 6*u - 3. Let i(k) = -2*g(k) + 9*z(k). Let j be (-2)/5 - 27/(-5). Suppose 5*w - 5 = j. Determine i(w).
-3
Let k(x) = -7*x + 2*x + 2 + 4*x. What is k(-2)?
4
Let y(o) = -o**2 + 1 + 1 - 4 - 1. Give y(0).
-3
Suppose -u - 21*u + 132 = 0. Let k(c) = 3*c**2 - 3*c**2 - 4 - 7*c + c**2. Calculate k(u).
-10
Let x(l) be the first derivative of -l**2/2 - 8*l + 3. Determine x(-4).
-4
Let k(f) = f - 1. Suppose -2*l = -18 - 16. Let z = -11 + l. Give k(z).
5
Suppose 13 = -3*m + 4*m. Let r(y) = 2 + y + 0 + m*y**2 - 15*y**2. Suppose 2*n + 6 = 4*u, 2*u - 5*n + 4 = 3. Give r(u).
-4
Let g = 9 + -6. Let m(s) = 3 + 0*s**2 + 3*s**2 + 3*s**g - 5 - 2*s**3 - s. Give m(-2).
4
Let w(l) = -6*l + 5. Suppose -z + 2*c = -2*c - 1, 0 = -2*c. Let t(v) = v - 1. Let h(m) = z*w(m) + 2*t(m). Determine h(3).
-9
Let u(z) = -z**3 - 6*z**2 + 4*z - 23. Let l be u(-7). Let p(o) = -o**2 - o - 1. Give p(l).
-3
Suppose 4*d - 7 - 2 = -5*q, -4*d = 2*q - 18. Let h(c) = 0 - 14*c + 7 + c**2 + 0 + d*c. What is h(6)?
-5
Let g = -10 - -11. Suppose m + 12 = -2*w + 4, -m = -w - g. Let u(o) = -o**2 - 7*o - 3. Give u(w).
9
Suppose -4*n + 5 - 1 = 0. Suppose -11 = -2*l + n. Let c(r) = -2*r + 7. Determine c(l).
-5
Let w(h) = -5*h - 7. Let n(t) = 4*t + 6. Let c(k) = 6*n(k) + 5*w(k). Give c(0).
1
Let z(w) = w**3 - 17*w**2 + 15*w + 20. Let o be z(16). Suppose 4*g + 12 = -o. Let l(x) = x**3 + 2*x**2 - 4*x + 5. What is l(g)?
-11
Let b(l) = -3*l**2 + 3*l - 2. Let o(a) = 6*a**2 - 7*a + 5. Let h(u) = 9*b(u) + 4*o(u). Give h(-2).
-8
Suppose 3 = -0*q + q. Let r(y) = 0*y**2 - 2*y**q + 5*y**3 - y**2. Suppose -4*a - 2 - 2 = 0. What is r(a)?
-4
Let h(b) = 8*b**3 - 5*b + 3. Let d(o) = 8*o**3 - 6*o + 4. Let f(t) = 4*d(t) - 5*h(t). What is f(-1)?
8
Let d be -1 - 5/(10/16). Let z = 7 + d. Let a(y) be the third derivative of -y**4/6 - y**3/6 - y**2. Determine a(z).
7
Let c be ((-2)/(-5))/(2/50). Suppose 2 = 4*y - c. Let m(g) = y - 5*g - 7*g**2 - 2 + 4*g. What is m(1)?
-7
Let p(d) = 3*d + 7. Let c be 0/(-2)*(-1)/(-2). Suppose a + 2*a + 39 = c. Let f = 8 + a. What is p(f)?
-8
Let z(d) = -2 + 2*d + 2*d - 5*d + 6*d. Give z(3).
13
Let f(d) be the second derivative of 0 - 4*d - d**3 + 1/2*d**2. Determine f(1).
-5
Let a = -35 + 18. Let t = -11 - a. Let r(v) = v**2 - 5*v - 6. Let s(o) = -o**2 + 5*o + 5. Let u(p) = -3*r(p) - 2*s(p). Give u(t).
2
Let p be (-3)/3 - 1/(-1). Let b(c) be the third derivative of -7/6*c**3 + 1/24*c**4 + 0*c - 2*c**2 - 1/120*c**6 + 0 - 1/60*c**5. Give b(p).
-7
Let d(z) = 8*z + 6. Let n(i) = -17*i - 13. Let s(y) = -13*d(y) - 6*n(y). Suppose -16 = -65*w + 69*w. Determine s(w).
8
Let u(b) = -7*b**3 - 2*b**2 - 2*b - 1. Let z be u(-1). Let s(p) = p - 6. Let f be s(z). Let w(i) = i + i**3 + 2*i**2 - 2*i**2 - i**2. Calculate w(f).
0
Let o(n) = -n**3 + 12*n**2 + 14*n - 9. Let c be o(13). Let z(j) = j + c - 5 + j + 2. Determine z(3).
7
Let w(m) be the second derivative of 2*m - 1/6*m**3 - 3/2*m**2 + 0. What is w(-4)?
1
Let i(o) be the first derivative of o**4/4 + 5*o**3/3 - 5*o**2/2 + 7*o - 54. Let u be 0 - 1 - (1 + -2). Let q be -6 + (u/(-1))/(-2). What is i(q)?
1
Let n(a) be the second derivative of -a**6/120 + a**5/10 + a**4/24 + 6*a**2 - 11*a. Let j(h) be the first derivative of n(h). Let y = 15 - 9. What is j(y)?
6
Suppose 2*m - 3*m = -5*u + 5, -3*m = -5*u + 5. Let k be (-5 + 4)/(u - 0). Let a = k + -1. Let n(y) = 2*y**3 + y**2 - 2*y + 1. Calculate n(a).
-7
Let f(o) = 3*o + 1. Let r be f(-1). Let y(i) = 47*i**2 - 25*i**2 + i - 1 - 19*i**2 + i**3. Give y(r).
1
Let u(s) = s**2 + 4*s - 2. Suppose 0 = 2*g - 13 + 3. Suppose -2*l + 2 + 10 = -g*o, 4 = 4*l - 5*o. Calculate u(l).
-2
Let q(w) = w**2 - 2*w + 1. Let m be q(3). Let t(c) = -11*c**2 - 26*c**2 + 38*c**2 - 2 - 4*c. Calculate t(m).
-2
Suppose 2*n - n - 4*r + 3 = 0, 0 = 2*r. Let f(v) = v - 1. Let z(s) = -1 + 2 - 4*s + 2. Let c(y) = -6*f(y) - z(y). Give c(n).
9
Suppose 5*a = 1 + 4. Let h(y) = -4 - 7*y**2 - y + 6*y**2 - a. Give h(0).
-5
Let g(w) = 189 - w**3 - 6*w - 2*w + 6*w**2 - 184. What is g(5)?
-10
Suppose h + 10 = -3*q + 3, -4*h - 4 = 4*q. Let f(o) = 2*o - 2 + 0*o + 3*o - o**h + 0*o**2. What